(-9)?
-13
Let p(i) = i**3 + 12*i**2 - 23*i - 3. What is p(2)?
7
Let j(y) = 33*y + 1. Calculate j(-1).
-32
Let p(c) = -c**2 - 13*c + 44. Determine p(-16).
-4
Let z(r) = -r**2 + 8*r + 3. Calculate z(6).
15
Let n(j) = -2*j**3 - 9*j**2 - 23*j - 68. What is n(-4)?
8
Let d(i) = i**3 - 4*i**2 - 14*i + 6. What is d(6)?
-6
Let d(c) = -15*c**3 + 2*c**2 - c - 2. Give d(-1).
16
Let f(m) = -m**3 - 25*m**2 - 20*m + 107. What is f(-24)?
11
Let s(p) = 35*p + 1. What is s(2)?
71
Let l(b) = b**3 + 7*b**2 + 9*b + 9. Determine l(-6).
-9
Let t(y) = -y**2 + 21*y - 117. Determine t(13).
-13
Let y(p) = 4*p + 1. What is y(-2)?
-7
Let o(f) = f**3 - 7*f + 31. Calculate o(-4).
-5
Let s(l) = l**3 + 6*l**2 + 4*l + 2. Calculate s(-4).
18
Let q(g) = 2*g**3 + 2. Calculate q(-2).
-14
Let n(j) = j**2 - 2*j - 2. Calculate n(5).
13
Let d(r) = -2*r + 5. Calculate d(2).
1
Let p(h) = -8*h + 112. Determine p(14).
0
Let i(h) = h**3 - 5*h**2 - 4*h + 24. Calculate i(3).
-6
Let t(i) = i**2 + 19*i + 47. What is t(-12)?
-37
Let l(h) = h + 46. What is l(-5)?
41
Let g(m) = -3*m - 5. Give g(-8).
19
Let n(m) = -m**2 + 30*m + 169. What is n(-5)?
-6
Let z(x) = -77*x**2 + 1. What is z(1)?
-76
Let w(q) = -60*q - 2. What is w(0)?
-2
Let a(n) = -n**3 - 5*n**2 + 7*n - 8. Calculate a(-6).
-14
Let p(l) = -l**3 - 8*l**2 - 5*l + 2. Calculate p(-7).
-12
Let b(c) = -c**3 - 6*c**2 - 5*c - 32. Calculate b(-6).
-2
Let a(y) = y**3 + 7*y**2 - 4*y - 1. Calculate a(-7).
27
Let z(x) = -x + 1. Determine z(-2).
3
Let t(s) = s**3 + 7*s**2 + 3*s - 11. Give t(-6).
7
Let v(h) = h**3 + 28*h**2 + 23*h - 33. Calculate v(-27).
75
Let a(x) = -x**3 + 8*x**2 - 12*x + 6. Give a(6).
6
Let t(x) = 6*x + 27. Give t(-2).
15
Let i(z) = -5*z + 60. Calculate i(12).
0
Let m(n) = 15*n + 70. Determine m(-4).
10
Let v(k) = 2*k**2 - 35*k + 12. What is v(17)?
-5
Let d(n) = -21*n + 95. Determine d(4).
11
Let j(o) = 2*o**3 - 29*o**2 - 15*o + 4. Give j(15).
4
Let m(f) = -f**3 + 13*f**2 + 30*f + 6. Determine m(15).
6
Let w(m) = -m**3 + 14*m**2 + m + 33. Give w(14).
47
Let r(i) = 2*i**2 + 4*i. Calculate r(-3).
6
Let v(c) = c**2 - 7*c + 6. Determine v(10).
36
Let a(s) = s**2 - 11*s + 13. Give a(9).
-5
Let p(g) = 3*g - 69. Give p(23).
0
Let k(w) = 2*w**2 + 11*w + 16. Determine k(-9).
79
Let z(g) = -2*g + 34. Calculate z(20).
-6
Let l(i) = 60*i - 4. Calculate l(-1).
-64
Let f(u) = 7*u**3 + 2*u**2 + 5*u + 5. Determine f(-2).
-53
Let v(c) = 6*c**2 + 52*c - 12. Determine v(-9).
6
Let g(p) = 5*p**2 + 45*p - 265. What is g(-13)?
-5
Let q(p) = -p**3 - 12*p**2 + 13*p - 5. Give q(-13).
-5
Let o(x) = -x**2 + 3*x - 6. Give o(4).
-10
Let o(w) = w**2 - 10*w + 1. Determine o(7).
-20
Let h(r) = 6*r - 1. Give h(3).
17
Let s(v) = v**3 - v**2 + v + 9. Give s(0).
9
Let k(p) = 2*p - 10. Give k(5).
0
Let w(z) = 3*z + 3. Calculate w(3).
12
Let l(t) = 107*t - 416. Give l(4).
12
Let n(y) = -2*y + 2. Calculate n(-2).
6
Let u(q) = -2*q**3 + 12*q**2 - 10*q - 1. Calculate u(5).
-1
Let l(c) = c**3 - 3*c**2 + 2*c + 1. What is l(-3)?
-59
Let t(m) = m**2 - 3*m - 10. Determine t(7).
18
Let d(q) = q**2 - 4*q - 84. Determine d(-8).
12
Let u(q) = 23*q + 102. What is u(-4)?
10
Let v(y) = -7*y**3 - 12*y - 11. Give v(-1).
8
Let l(p) = 2*p**3 - 30*p**2 + p + 21. Determine l(15).
36
Let f(x) = -x - 9. Calculate f(1).
-10
Let g(l) = -l**3 - 3*l**2 + 6*l + 9. Determine g(-4).
1
Let l(p) = 2*p**2 - 14*p + 4. Determine l(7).
4
Let j(n) = n**3 + 19*n**2 - 17*n + 65. What is j(-20)?
5
Let g(c) = c**2 + 9*c - 80. Give g(-15).
10
Let k(b) = b**2 - 17*b + 14. What is k(12)?
-46
Let t(z) = 3*z**3 - 37*z**2 + 12*z - 11. Calculate t(12).
-11
Let h(u) = -u**3 - u**2 + u + 74. Determine h(0).
74
Let n(v) = 3*v**3 + 27*v**2 + v - 1. What is n(-9)?
-10
Let k(y) = -2*y**2 + 41*y - 16. Calculate k(8).
184
Let y(r) = 13*r - 300. Calculate y(22).
-14
Let f(n) = 63*n - 180. Determine f(3).
9
Let n(u) = 11*u**3 + u**2 - 2*u. What is n(1)?
10
Let r(g) = g**3 - 2*g**2 - 8*g + 3. Give r(4).
3
Let o(s) = s**3 + 6*s**2 - 11*s + 4. Give o(-8).
-36
Let j(p) = -4*p - 11. Determine j(-3).
1
Let a(i) = -i**3 + 17*i**2 - 9*i + 24. Calculate a(16).
136
Let x(v) = -v**3 + 7*v**2 - v - 7. What is x(7)?
-14
Let l(p) = -6*p - 25. Determine l(-3).
-7
Let l(q) = -q**3 - 3*q**2 + 4*q + 6. Give l(-4).
6
Let d(q) = -2*q**2 + 50*q - 50. What is d(24)?
-2
Let m(h) = -h**3 - 6*h**2 - 3*h + 11. What is m(-5)?
1
Let y(h) = -3*h**2 - 9*h - 5. Determine y(-3).
-5
Let y(l) = l**2 + 5*l - 373. What is y(17)?
1
Let a(s) = 2*s + 27. What is a(-17)?
-7
Let b(v) = v**3 - 5*v**2 + v - 38. Calculate b(6).
4
Let z(n) = -3*n**2 - 35*n + 126. Calculate z(4).
-62
Let l(d) = -d**3 + 4*d**2 + d - 5. What is l(4)?
-1
Let i(h) = -2*h + 59. Determine i(29).
1
Let d(j) = 3*j**2 - 3*j - 4. Determine d(2).
2
Let t(c) = c + 22. Give t(-11).
11
Let t(u) = u**2 + 17*u + 51. Calculate t(-4).
-1
Let a(n) = 5*n**2 + 2*n - 1. Calculate a(-2).
15
Let m(b) = -b**2 + 10*b + 77. Calculate m(15).
2
Let f(h) = -h**2 + 2*h + 35. Give f(0).
35
Let k(x) = -3*x**2 + 9*x - 8. Calculate k(2).
-2
Let s(j) = -j - 9. Calculate s(-10).
1
Let q(v) = -7*v + 14. Give q(13).
-77
Let h(v) = -v**3 - v**2 + 2*v. Give h(2).
-8
Let k(r) = -2*r**2 - 20*r. Give k(-10).
0
Let p(q) = 3*q + 33. Calculate p(-10).
3
Let t(k) = -k**3 - 13*k**2 - 15*k + 80. Determine t(-11).
3
Let g(z) = 16*z - 6. Determine g(3).
42
Let m(c) = 19*c + 18. Determine m(0).
18
Let z(c) = -4*c + 89. Calculate z(21).
5
Let t(h) = 4*h**3 - 6*h**2 - 6*h - 3. Determine t(-2).
-47
Let y(a) = 2*a**2 + 14*a - 25. Give y(-11).
63
Let a(v) = 2*v - 123. Determine a(32).
-59
Let v(z) = z + 35. What is v(-29)?
6
Let v(g) = g**3 + 8*g**2 - 6*g + 4. Give v(-9).
-23
Let y(w) = w**2 - 2*w + 3. Give y(2).
3
Let h(g) = -g**3 + 4*g**2 + 7*g - 2. Calculate h(5).
8
Let j(g) = 37*g + 92. Give j(-3).
-19
Let j(z) = z**2 + 14*z + 8. What is j(-14)?
8
Let q(a) = 3*a**3 + 2*a**2 + 4*a - 1. Calculate q(-3).
-76
Let y(w) = -2*w**2 - 9*w - 7. What is y(-7)?
-42
Let f(i) = 4*i + 26. Give f(-6).
2
Let u(x) = x**3 - 7*x**2 - 9*x + 5. Calculate u(7).
-58
Let t(s) = 2*s**3 - 15*s - 14. What is t(-1)?
-1
Let r(k) = -k + 6. Determine r(7).
-1
Let g(b) = -2*b**3 + 5*b**2 + b + 1. Give g(2).
7
Let j(f) = f**2 - 19*f - 30. What is j(15)?
-90
Let z(p) = 14*p. Give z(4).
56
Let z(t) = 2*t**3 - 8*t**2 + 2*t - 3. Determine z(4).
5
Let l(u) = -u**3 - 6*u**2 - 3*u + 3. Determine l(-3).
-15
Let d(i) = -i**2 + 22*i - 28. What is d(20)?
12
Let j(o) = -4*o**3 - 2. Calculate j(-1).
2
Let z(r) = -r**3 + 5*r**2 - 2*r - 7. Calculate z(4).
1
Let b(q) = -q**3 + 5*q**2 + 6*q + 3. What is b(6)?
3
Let t(x) = -x**3 - 4*x**2 + 5*x - 5. Give t(-5).
-5
Let p(u) = 26*u + 20. What is p(-3)?
-58
Let i(d) = -4*d**2 + 7*d - 5. Calculate i(2).
-7
Let z(w) = w + 13. Determine z(-6).
7
Let u(z) = z**3 - 14*z**2 + 15*z - 25. Determine u(13).
1
Let i(f) = -25*f - 176. Give i(-7).
-1
Let m(q) = -88*q + 521. Calculate m(6).
-7
Let o(z) = -z**2 + z + 5. What is o(4)?
-7
Let t(m) = -3*m**2 - 7*m + 9. Calculate t(-3).
3
Let m(i) = -i - 11. Determine m(-5).
-6
Let s(x) = -31*x + 109. What is s(4)?
-15
Let q(m) = 4*m + 1. Give q(3).
13
Let s(j) = j**3 + 30*j**2 + 29*j - 7. Give s(-29).
-7
Let o(w) = 14*w + 45. Determine o(-3).
3
Let k(t) = t**3 - 8*t**2 - t + 51. What is k(7)?
-5
Let c(q) = -35*q**2 - 2*q - 1. Determine c(-2).
-137
Let a(l) = -l - 5. Give a(-25).
20
Let s(b) = 2*b**3 - 9*b**2 + 4*b + 2. Calculate s(4).
2
Let l(c) = c - 4. What is l(-7)?
-11
Let q(o) = -o**3 - 11*o**2 + 21*o - 51. Calculate q(-13).
14
Let y(h) = h**3 - 15*h**2 - 39*h + 87. Give y(17).
2
Let u(h) = h**3 - 10*h**2 + 10*h + 1. Give u(9).
10
Let w(h) = -2*h**2 - 10*h - 11. Give w(-4).
-3
Let s(u) = u**3 - 11*u**2 + 9*u + 13. Determine s(10).
3
Let y(l) = -l**2 - 21*l - 19. Give y(-21).
-19
Let k(u) = 24*u - 2. Calculate k(-2).
-50
Let f(b) = -8*b**2 + 53*b - 27. Determine f(6).
3
Let h(j) = j**3 - 3*j**2 + 11. Give h(6).
119
Let w(l) = -l**2 + 7. Calculate w(-6).
-29
Let r(s) = -s**2 - 6*s + 27. What is r(-9)?
0
Let h(p) = -p**3 + 17*p**2 - 11*p + 12. What is h(16)?
92
Let k(i) = -i**3 + i + 27. Determine k(0).
27
Let f(o) = -o**2 - 8*o - 31. What is f(-7)?
-24
Let x(r) = -r**2 - 23*r + 25. Calculate x(-15).
145
Let r(n) = -n**2 - 7*n + 14. What is r(-7)?
14
Let u(y) = 8*y + 63. Determine u(-9).
-9
Let v(w) = w +